. What is the remainder when o is divided by 9?
8
Let l = 38 - 38. Let z be 9 + (l/(-5) - 4). Suppose -y + 6 = 2*q, z*q + 3*y - 37 = 6*y. Calculate the remainder when 7 is divided by q.
2
Let w = -677 + 688. Let t = 1 + 1. Suppose 3*z - 12 = -h + 4, -t*z = -h + 1. What is the remainder when w is divided by h?
4
Let z(c) = -c**3 + 9*c**2 + c + 68. Calculate the remainder when z(9) is divided by 24/9*15/2.
17
Let u(p) = 10*p - 335. Calculate the remainder when 116 is divided by u(44).
11
Let h(p) be the first derivative of 0*p - 17/2*p**2 - 8 - 1/3*p**3. What is the remainder when h(-14) is divided by 11?
9
Suppose -9426 = -11*m + 683. Calculate the remainder when m is divided by 46.
45
Let b = 32 + 5. Suppose -4*m + 15 = -b. Calculate the remainder when 30 is divided by m.
4
Calculate the remainder when (-15)/(-55) + (-37141)/(-143) is divided by 57.
32
Suppose 124 = -185*s + 189*s. What is the remainder when s is divided by 9?
4
Suppose -3*x + 5*w = -73, 5*x + 3*w - 55 = -2*w. Suppose 2*j + x = 48. Calculate the remainder when 61 is divided by j.
13
Suppose -2*t = -4*p + t + 16, 0 = -2*p + 3*t + 8. Suppose 25 = d + p*d. Let s(g) = -3*g + 1. What is the remainder when s(-4) is divided by d?
3
What is the remainder when 35456/208 + (-12)/26 is divided by 61?
48
What is the remainder when 755 is divided by 11 + (-54)/(-14) - (-12)/(-14)?
13
Let f = -77 + 83. Let l(z) = 8*z + 34. What is the remainder when l(f) is divided by 12?
10
Suppose 21*t - 378 = -6*t. Suppose 0 = -4*y + 6 + 50. Let a = y - -26. Calculate the remainder when a is divided by t.
12
Let h(s) = -s**3 + 36*s**2 + 2*s - 34. Calculate the remainder when h(36) is divided by 15.
8
Suppose 5*t - 13*t - 104 = 0. Let b = 15 + t. What is the remainder when 11 is divided by b?
1
Let z = 215 - 13. What is the remainder when z is divided by 12?
10
Let f(p) = -3*p + 7. What is the remainder when f(-19) is divided by 37?
27
Let t(f) = -f**2 - 18*f - 16. Suppose 0 = 4*w + 12, 2*z - 35 + 6 = w. Calculate the remainder when t(-8) is divided by z.
12
Let q(n) = -28*n + 12. What is the remainder when q(-4) is divided by 33?
25
Calculate the remainder when 298 is divided by (-12)/20 - 63/(-5).
10
Let g(w) = -w + 7. Let r be g(4). Suppose 24 = 4*t - 2*v, 2*v = r*t + 3*v - 23. Calculate the remainder when 41 is divided by 156/t - 2/7.
19
Suppose -36 = -l - l. What is the remainder when (l/7)/((-21)/(-196)) is divided by 7?
3
Let w = -12 - -15. Suppose o - 42 = 2*q + q, -w*o = 2*q + 28. Let d = -6 - q. What is the remainder when 21 is divided by d?
5
Let l(w) = -6*w + 11. Let h(j) = -11*j + 22. Let f(x) = -3*h(x) + 5*l(x). Let a(t) = 6*t - 4. Calculate the remainder when a(6) is divided by f(6).
4
Suppose 0 = 6*v - 21 - 3. Suppose 4*r = -i + 106, r - v*r = i - 79. Let h(j) = 8*j**2 + 3*j + 3. Calculate the remainder when r is divided by h(-1).
3
Let l(n) = n**2 - n + 260. Let s be l(0). Suppose z = 4*a - s, a - 2*a = -2*z - 58. Calculate the remainder when a is divided by 25.
16
Let o(u) = -2 + u**2 + 1 + 4*u - u. Let i(n) = n**3 + n**2 - 21*n - 10. Calculate the remainder when i(5) is divided by o(-5).
8
Suppose -63*p + 46 = -61*p. Calculate the remainder when 38 is divided by p.
15
Suppose 10*n + 91 = -149. Let c(g) = -4*g - 49. What is the remainder when c(n) is divided by 13?
8
Calculate the remainder when 39 is divided by 187/(-22) + 10 + (-26)/(-4).
7
Let f(c) = 287*c - 1. Let k be f(1). Suppose 2*z = 2*t + k, -2*z + 0*t = 5*t - 314. Calculate the remainder when z is divided by 30.
27
Let c(m) = m**3 + 3*m**2 - 10*m + 3. Calculate the remainder when c(5) is divided by 26.
23
Suppose 0 = 4*w - 3*d - 20, -74*w - 6 = -69*w + 4*d. Calculate the remainder when w is divided by 1.
0
Suppose 2*g - 121 = -u, 116 = g + g - 4*u. Suppose 5*l - 4*m = 122, -4*l + 3*m + 103 = -2*m. Let z = 43 - l. Calculate the remainder when g is divided by z.
18
Let g(n) = -6*n**3 - 54*n**2 - 6*n + 19. Calculate the remainder when g(-9) is divided by 27.
19
Let s = -15 + -39. Let y = -43 - s. Calculate the remainder when 54 is divided by y.
10
Suppose 0 = o - 18 - 6. Suppose -12*k + 10*k = -o. Calculate the remainder when 44 is divided by k.
8
Suppose 3*t + 2*g - 102 = 0, -2*g - 99 = -3*t - 5*g. What is the remainder when 175 is divided by t?
31
Let o(d) = d**2 + 2*d - 2. What is the remainder when o(-3) is divided by 0 - (1/3)/(48/(-144))?
0
Let o = 58 + 218. Calculate the remainder when o is divided by 70.
66
Suppose 5*t + 10 = 0, -3*p - 4*t + 4 = -3*t. Let l = 26 - p. Calculate the remainder when 70 is divided by l.
22
Let w = 103 - -21. Calculate the remainder when (w/18*-3)/(1/(-3)) is divided by 21.
20
Let y(r) = -r + 3. Let u(o) be the first derivative of -o**3/3 - 21*o**2/2 - 40*o + 37. Calculate the remainder when u(-18) is divided by y(0).
2
Suppose -26 = -3*y + 2*k, 0 = -5*y + 4*k + 31 + 13. What is the remainder when 172 is divided by y?
4
Suppose 0*l - l = 115. Let u = -79 - l. Suppose -52 = -5*j - 3*w + u, 3*w = 3. What is the remainder when j is divided by 5?
2
Let l be -15 + -2 - (3 - 2). Suppose 278 = 4*t - 3*k, 5*t = t + 2*k + 280. What is the remainder when t is divided by (3 + l/4)*-12?
17
Let d = -1873 - -1900. What is the remainder when 1214 is divided by d?
26
Suppose -3*c + 42 = a - 6*a, -51 = -4*c + 5*a. Suppose -128*k = -126*k - 150. Calculate the remainder when 5/(k/80)*(-45)/(-10) is divided by c.
6
Let u be -3 + (-6)/(-3) - 1 - -47. Suppose 1 = -2*t + c + 6, -4*t + u = 5*c. Calculate the remainder when t is divided by 4.
1
Let r(w) = 2*w**2 + 20*w - 20. Let k be r(-11). Suppose 23 = 2*t - 5*q, -q - 8 = -t - k*q. What is the remainder when 13 is divided by t?
4
Let k be (-6)/9 + (-43)/3. Let f = k + 121. Calculate the remainder when f is divided by 36.
34
Let h = 10 + 10. Let j(r) be the third derivative of -r**6/120 - r**5/60 + r**4/24 + 59*r**3/6 + 3*r**2. Calculate the remainder when j(0) is divided by h.
19
Suppose -i + 2*l = -1 - 9, -5*l - 25 = 5*i. Suppose v - 2*a = 11, -4*v + i*v + 4*a = -48. Suppose u - 72 = -u. What is the remainder when u is divided by v?
10
Suppose 0 = -2*u + 611 - 215. Suppose -6*q + u = -444. Calculate the remainder when q is divided by 27.
26
Let i be 6/(-9) + (-10)/(-15). Let x = 5 + i. Suppose x*r = -0*r + 10. Calculate the remainder when r is divided by 1.
0
Let k(o) = 4*o - 26. Let l(t) = 3*t - 27. Let m(w) = -4*k(w) + 3*l(w). Calculate the remainder when m(-9) is divided by 30.
26
Let p(c) = 28*c**3 + c**2 - 17. What is the remainder when p(3) is divided by 75?
73
Let g = 1061 + -1046. What is the remainder when 42 is divided by g?
12
What is the remainder when 53 is divided by (-245)/(-7) + -2 + 4?
16
Suppose 10*z = 1391 - 481. What is the remainder when z is divided by 31?
29
Let z(y) be the third derivative of y**5/60 - 13*y**4/24 + 7*y**3/6 + 11*y**2. What is the remainder when 82 is divided by z(14)?
19
Suppose 83*v = 78*v + 645. Calculate the remainder when v is divided by 10.
9
Suppose 7*n - 3*n = 24. Calculate the remainder when 25 is divided by n.
1
Let g = 108 - 103. Let b(j) = j**3 - 7*j**2 + j. What is the remainder when b(7) is divided by g?
2
Let t = -744 + 848. Calculate the remainder when 413 is divided by t.
101
Let n(v) = v**2 + 5*v - 7. Let f be 5*(-2 - (-2)/2). Let t be n(f). Calculate the remainder when 41 is divided by (-6)/(-3)*(0 - t).
13
Let y(l) = 10*l - 5*l - 6*l + 25 + 13. Suppose 5*g - 252 - 53 = 0. What is the remainder when g is divided by y(22)?
13
Suppose -7*f = -3*f - 680. Suppose 3*o = 8*o - f. What is the remainder when o is divided by 12?
10
Let c = -5 + 26. Suppose -c = -p + m + 48, -4*p + 271 = -5*m. What is the remainder when p is divided by 19?
17
Let x(r) = 2*r**2 + 5*r. What is the remainder when x(-6) is divided by 12?
6
Suppose 42*o - 452 = 38*o. What is the remainder when o is divided by 57?
56
Let q = 98 - 101. What is the remainder when 245 is divided by 3*13 + (q - -5)?
40
Let i = 10 - -3. Calculate the remainder when (-3)/2*(-924)/63 is divided by i.
9
Suppose 1038 = 6*w + 180. Calculate the remainder when w is divided by 18.
17
Suppose -a = -24*a + 12834. What is the remainder when a is divided by 40?
38
Let p = -992 - -2032. Suppose -22*n = -27*n + p. Calculate the remainder when n is divided by 42.
40
Let 